{"id":6239,"date":"2024-06-17T16:38:57","date_gmt":"2024-06-17T13:38:57","guid":{"rendered":"https:\/\/ymuenerji.com\/?page_id=6239"},"modified":"2024-06-17T16:44:40","modified_gmt":"2024-06-17T13:44:40","slug":"hakkimizda","status":"publish","type":"page","link":"https:\/\/ymuenerji.com\/index.php\/hakkimizda\/","title":{"rendered":"HAKKIMIZDA"},"content":{"rendered":"\t\t<div data-elementor-type=\"wp-page\" data-elementor-id=\"6239\" class=\"elementor elementor-6239\">\n\t\t\t\t\t\t\t\t\t<section class=\"elementor-section elementor-top-section elementor-element elementor-element-306e819 flex-wrap elementor-section-boxed elementor-section-height-default elementor-section-height-default elementor-invisible\" data-id=\"306e819\" data-element_type=\"section\" data-settings=\"{&quot;background_background&quot;:&quot;classic&quot;,&quot;animation&quot;:&quot;fadeIn&quot;,&quot;animation_delay&quot;:&quot;200&quot;}\">\r\n\t\t\r\n\t\t\t\t\t\t\t<div class=\"elementor-container elementor-column-gap-default\">\r\n\t\t\t\t\t\t\t\t\t\t\t<div class=\"elementor-column elementor-col-50 elementor-top-column elementor-element elementor-element-2196b4e w-100\" data-id=\"2196b4e\" data-element_type=\"column\">\r\n\t\t\t\t\t<div class=\"elementor-widget-wrap elementor-element-populated\">\r\n\t\t\t\t\t\t\t\t<div class=\"elementor-element elementor-element-75e2ad5 elementor-widget elementor-widget-porto_fancytext\" data-id=\"75e2ad5\" data-element_type=\"widget\" data-widget_type=\"porto_fancytext.default\">\n\t\t\t\t<div class=\"elementor-widget-container\">\n\t\t\t<h2 class=\"word-rotator slide\" style=\"text-align:left;\" data-plugin-options=\"{'waittime': 2500, 'pauseOnHover': false}\"><span class=\"word-rotate-prefix\" style=\"\">YMU ENERJ\u0130<\/span> <span class=\"word-rotator-items has-bg\" style=\"background:#0088CC;\"><b class=\"active\"><\/b><\/span><\/h2>\t\t<\/div>\n\t\t\t\t<\/div>\n\t\t\t\t\t<\/div>\r\n\t\t\t\t<\/div>\r\n\t\t\t\t<div class=\"elementor-column elementor-col-50 elementor-top-column elementor-element elementor-element-1f02ffa w-100\" data-id=\"1f02ffa\" data-element_type=\"column\">\r\n\t\t\t\t\t<div class=\"elementor-widget-wrap elementor-element-populated\">\r\n\t\t\t\t\t\t\t\t<div class=\"elementor-element elementor-element-64d4bd3 elementor-widget__width-initial elementor-widget-tablet__width-inherit elementor-widget elementor-widget-heading\" data-id=\"64d4bd3\" data-element_type=\"widget\" data-widget_type=\"heading.default\">\n\t\t\t\t<div class=\"elementor-widget-container\">\n\t\t\t<style>\/*! elementor - v3.16.0 - 14-09-2023 *\/\n.elementor-heading-title{padding:0;margin:0;line-height:1}.elementor-widget-heading .elementor-heading-title[class*=elementor-size-]>a{color:inherit;font-size:inherit;line-height:inherit}.elementor-widget-heading .elementor-heading-title.elementor-size-small{font-size:15px}.elementor-widget-heading .elementor-heading-title.elementor-size-medium{font-size:19px}.elementor-widget-heading .elementor-heading-title.elementor-size-large{font-size:29px}.elementor-widget-heading .elementor-heading-title.elementor-size-xl{font-size:39px}.elementor-widget-heading .elementor-heading-title.elementor-size-xxl{font-size:59px}<\/style><p class=\"elementor-heading-title elementor-size-default\">Cihazlar\u0131n\u0131z Korumam\u0131z Alt\u0131nda<\/p>\t\t<\/div>\n\t\t\t\t<\/div>\n\t\t\t\t\t<\/div>\r\n\t\t\t\t<\/div>\r\n\t\t\t\t\t<\/div>\r\n\t\t\t\t<\/section>\r\n\t\t\t\t<div class=\"elementor-section elementor-top-section elementor-element elementor-element-a4a3a07 px-4 elementor-section-boxed elementor-section-height-default elementor-section-height-default\" data-id=\"a4a3a07\" data-element_type=\"section\" data-settings=\"{&quot;background_background&quot;:&quot;classic&quot;}\">\r\n\t\t\r\n\t\t\t\t\t\t\t<div class=\"elementor-container elementor-column-gap-default\">\r\n\t\t\t\t\t\t\t\t\t\t\t<div class=\"elementor-column elementor-col-50 elementor-top-column elementor-element elementor-element-68a80ac elementor-invisible\" data-id=\"68a80ac\" data-element_type=\"column\" data-settings=\"{&quot;animation&quot;:&quot;fadeInLeft&quot;}\">\r\n\t\t\t\t\t<div class=\"elementor-widget-wrap elementor-element-populated\">\r\n\t\t\t\t\t\t\t\t<div class=\"elementor-section elementor-inner-section elementor-element elementor-element-6addc2d elementor-section-boxed elementor-section-height-default elementor-section-height-default\" data-id=\"6addc2d\" data-element_type=\"section\" data-settings=\"{&quot;item_margin&quot;:0}\">\r\n\t\t\r\n\t\t\t\t\t\t\t<div class=\"elementor-container elementor-column-gap-no porto-carousel owl-carousel has-ccols ccols-1\" data-plugin-options=\"{&quot;margin&quot;:0,&quot;items&quot;:1,&quot;nav&quot;:false,&quot;dots&quot;:true,&quot;loop&quot;:false,&quot;mouseDrag&quot;:true,&quot;touchDrag&quot;:true,&quot;themeConfig&quot;:true,&quot;autoplay&quot;:false}\">\r\n\t\t\t\t\t\t\t\t\t\t\t<div class=\"porto-ibanner elementor-column elementor-col-50 elementor-inner-column elementor-element elementor-element-d820a4b mb-0\" data-id=\"d820a4b\" data-element_type=\"column\">\r\n\t\t<img loading=\"lazy\" decoding=\"async\" src=\"https:\/\/ymuenerji.com\/wp-content\/uploads\/2021\/07\/cl-generic-corporate-3-2-full.jpg\" alt=\"Banner Image\" width=\"1170\" height=\"780\" class=\"porto-ibanner-img\" srcset=\"https:\/\/ymuenerji.com\/wp-content\/uploads\/2021\/07\/cl-generic-corporate-3-2-full.jpg 1170w, https:\/\/ymuenerji.com\/wp-content\/uploads\/2021\/07\/cl-generic-corporate-3-2-full-1024x683.jpg 1024w, https:\/\/ymuenerji.com\/wp-content\/uploads\/2021\/07\/cl-generic-corporate-3-2-full-768x512.jpg 768w, https:\/\/ymuenerji.com\/wp-content\/uploads\/2021\/07\/cl-generic-corporate-3-2-full-640x427.jpg 640w, https:\/\/ymuenerji.com\/wp-content\/uploads\/2021\/07\/cl-generic-corporate-3-2-full-400x267.jpg 400w\" sizes=\"auto, (max-width: 1170px) 100vw, 1170px\"><style>.elementor-element-d820a4b .porto-ibanner-layer {left: 50%;right: unset;top: 50%;bottom: unset;transform: translate(-50%, -50%);}<\/style>\t\t\t<div class=\"porto-ibanner-layer elementor-widget-wrap\">\r\n\t\t\t\t\t\t\t\t\t<\/div>\r\n\t\t\t\t<\/div>\r\n\t\t\t\t<div class=\"porto-ibanner elementor-column elementor-col-50 elementor-inner-column elementor-element elementor-element-0859e57 mb-0\" data-id=\"0859e57\" data-element_type=\"column\">\r\n\t\t<img loading=\"lazy\" decoding=\"async\" src=\"https:\/\/ymuenerji.com\/wp-content\/uploads\/2021\/07\/cl-generic-corporate-3-3-full.jpg\" alt=\"Banner Image\" width=\"1170\" height=\"780\" class=\"porto-ibanner-img\" srcset=\"https:\/\/ymuenerji.com\/wp-content\/uploads\/2021\/07\/cl-generic-corporate-3-3-full.jpg 1170w, https:\/\/ymuenerji.com\/wp-content\/uploads\/2021\/07\/cl-generic-corporate-3-3-full-1024x683.jpg 1024w, https:\/\/ymuenerji.com\/wp-content\/uploads\/2021\/07\/cl-generic-corporate-3-3-full-768x512.jpg 768w, https:\/\/ymuenerji.com\/wp-content\/uploads\/2021\/07\/cl-generic-corporate-3-3-full-640x427.jpg 640w, https:\/\/ymuenerji.com\/wp-content\/uploads\/2021\/07\/cl-generic-corporate-3-3-full-400x267.jpg 400w\" sizes=\"auto, (max-width: 1170px) 100vw, 1170px\"><style>.elementor-element-0859e57 .porto-ibanner-layer {left: 50%;right: unset;top: 50%;bottom: unset;transform: translate(-50%, -50%);}<\/style>\t\t\t<div class=\"porto-ibanner-layer elementor-widget-wrap\">\r\n\t\t\t\t\t\t\t\t\t<\/div>\r\n\t\t\t\t<\/div>\r\n\t\t\t\t\t<\/div>\r\n\t\t\t\t<\/div>\r\n\t\t\t\t\t<\/div>\r\n\t\t\t\t<\/div>\r\n\t\t\t\t<div class=\"elementor-column elementor-col-50 elementor-top-column elementor-element elementor-element-c5fb0d5\" data-id=\"c5fb0d5\" data-element_type=\"column\">\r\n\t\t\t\t\t<div class=\"elementor-widget-wrap elementor-element-populated\">\r\n\t\t\t\t\t\t\t\t<div class=\"elementor-element elementor-element-56ae47f elementor-invisible elementor-widget elementor-widget-text-editor\" data-id=\"56ae47f\" data-element_type=\"widget\" data-settings=\"{&quot;_animation&quot;:&quot;fadeInUp&quot;}\" data-widget_type=\"text-editor.default\">\n\t\t\t\t<div class=\"elementor-widget-container\">\n\t\t\t<style>\/*! elementor - v3.16.0 - 14-09-2023 *\/\n.elementor-widget-text-editor.elementor-drop-cap-view-stacked .elementor-drop-cap{background-color:#69727d;color:#fff}.elementor-widget-text-editor.elementor-drop-cap-view-framed .elementor-drop-cap{color:#69727d;border:3px solid;background-color:transparent}.elementor-widget-text-editor:not(.elementor-drop-cap-view-default) .elementor-drop-cap{margin-top:8px}.elementor-widget-text-editor:not(.elementor-drop-cap-view-default) .elementor-drop-cap-letter{width:1em;height:1em}.elementor-widget-text-editor .elementor-drop-cap{float:left;text-align:center;line-height:1;font-size:50px}.elementor-widget-text-editor .elementor-drop-cap-letter{display:inline-block}<\/style>\t\t\t\t<p>YMU Enerji Saver Cihaz\u0131, i\u00e7 tesisata ba\u011flanan bir kompanzasyon sistemidir. Elektrik sayac\u0131ndan ge\u00e7en elektrik ak\u0131m\u0131n\u0131n %100 verimle cihazlara aktar\u0131lmas\u0131n\u0131 sa\u011flamak amac\u0131yla\u00a0 kurulmu\u015ftur.\u00a0<\/p><p>\u015eebeke \u00fczerinden ge\u00e7en dalgalanmalar\u0131 %100&#8217;e varan verimle cihazlara aktararak d\u00fczg\u00fcn ve ger\u00e7ek sin\u00fcs dalgalara \u00e7evirir. Bu sayede A S\u0131n\u0131f\u0131 Enerji olu\u015fturur. Olu\u015fan A S\u0131n\u0131f\u0131 Enerji sayesinde sistem kapasitesini art\u0131r\u0131r, elektronik e\u015fyalar\u0131n\u0131z\u0131 kullan\u0131m al\u0131\u015fkanl\u0131\u011f\u0131n\u0131z\u0131 de\u011fi\u015ftirmenize gerek kalmadan fatura \u00f6demelerinizde tasarruf sa\u011flar, kay\u0131plar\u0131 azalt\u0131r, gerilimi d\u00fczeltir, elektronik e\u015fyalar\u0131n\u0131z\u0131 koruyarak \u00f6mr\u00fcn\u00fc uzat\u0131r.<\/p>\t\t\t\t\t\t<\/div>\n\t\t\t\t<\/div>\n\t\t\t\t\t<\/div>\r\n\t\t\t\t<\/div>\r\n\t\t\t\t\t<\/div>\r\n\t\t\t\t<\/div>\r\n\t\t\t\t<section class=\"elementor-section elementor-top-section elementor-element elementor-element-2c25f89 p-t-xlg elementor-section-boxed elementor-section-height-default elementor-section-height-default\" data-id=\"2c25f89\" data-element_type=\"section\" data-settings=\"{&quot;background_background&quot;:&quot;classic&quot;}\">\r\n\t\t\r\n\t\t\t\t\t\t\t<div class=\"elementor-container elementor-column-gap-default\">\r\n\t\t\t\t\t\t\t\t\t\t\t<div class=\"elementor-column elementor-col-100 elementor-top-column elementor-element elementor-element-6f99b49 p-t-md\" data-id=\"6f99b49\" data-element_type=\"column\">\r\n\t\t\t\t\t<div class=\"elementor-widget-wrap elementor-element-populated\">\r\n\t\t\t\t\t\t\t\t<div class=\"elementor-element elementor-element-3c31f0b elementor-widget elementor-widget-porto_ultimate_heading\" data-id=\"3c31f0b\" data-element_type=\"widget\" data-widget_type=\"porto_ultimate_heading.default\">\n\t\t\t\t<div class=\"elementor-widget-container\">\n\t\t\t<div class=\"porto-u-heading  porto-u-6525\"><div class=\"porto-u-main-heading\"><h2   >\u00c7ALI\u015eMA MANTI\u011eIMIZ<\/h2><\/div><div class=\"porto-u-sub-heading\" style=\"\"><h4 class=\"subtitle\">YMU Enerji sizlere ne kazand\u0131racak?<\/h4><\/div><style>.porto-u-6525.porto-u-heading{text-align:center}<\/style><\/div>\t\t<\/div>\n\t\t\t\t<\/div>\n\t\t\t\t\t<\/div>\r\n\t\t\t\t<\/div>\r\n\t\t\t\t\t<\/div>\r\n\t\t\t\t<\/section>\r\n\t\t\t\t<section class=\"elementor-section elementor-top-section elementor-element elementor-element-171e578 p-t-xlg p-b-xxl elementor-section-boxed elementor-section-height-default elementor-section-height-default\" data-id=\"171e578\" data-element_type=\"section\" data-settings=\"{&quot;background_background&quot;:&quot;classic&quot;}\">\r\n\t\t\r\n\t\t\t\t\t\t\t<div class=\"elementor-container elementor-column-gap-default\">\r\n\t\t\t\t\t\t\t\t\t\t\t<div class=\"elementor-column elementor-col-25 elementor-top-column elementor-element elementor-element-8987f3c p-t-md\" data-id=\"8987f3c\" data-element_type=\"column\">\r\n\t\t\t\t\t<div class=\"elementor-widget-wrap elementor-element-populated\">\r\n\t\t\t\t\t\t\t\t<div class=\"elementor-element elementor-element-82df10d elementor-widget elementor-widget-porto_info_box\" data-id=\"82df10d\" data-element_type=\"widget\" data-widget_type=\"porto_info_box.default\">\n\t\t\t\t<div class=\"elementor-widget-container\">\n\t\t\t<div class=\"porto-sicon-box style_1 default-icon flex-wrap\"><div class=\"porto-sicon-default\"><div id=\"porto-icon-11226119536a04957fdd0aa\" class=\"porto-just-icon-wrapper porto-sicon-img\" style=\"\"><img loading=\"lazy\" decoding=\"async\" class=\"img-icon\" alt=\"\" src=\"https:\/\/ymuenerji.com\/wp-content\/uploads\/2024\/06\/leaf.png\" width=\"64\" height=\"64\" \/><\/div><\/div><div class=\"porto-sicon-header\"><h3 class=\"porto-sicon-title\" style=\"\">A SINIFI ENERJ\u0130<\/h3><\/div> <!-- header --><div class=\"porto-sicon-description\" style=\"\" ><p>Elektrik t\u00fcketimini kontrol alt\u0131na alarak A S\u0131n\u0131f\u0131 Enerji olu\u015fturur. Olu\u015fturulan A S\u0131n\u0131f\u0131 Enerji \u00e7evreyi korumak ad\u0131na d\u00fcnyaya yayd\u0131\u011f\u0131n\u0131z \u0131s\u0131l kay\u0131plar\u0131 azalt\u0131r, karbon emisyon ayak izinizi k\u00fc\u00e7\u00fclt\u00fcr.<\/p><\/div> <!-- description --><\/div><!-- porto-sicon-box -->\t\t<\/div>\n\t\t\t\t<\/div>\n\t\t\t\t\t<\/div>\r\n\t\t\t\t<\/div>\r\n\t\t\t\t<div class=\"elementor-column elementor-col-25 elementor-top-column elementor-element elementor-element-e809fe6 p-t-md\" data-id=\"e809fe6\" data-element_type=\"column\">\r\n\t\t\t\t\t<div class=\"elementor-widget-wrap elementor-element-populated\">\r\n\t\t\t\t\t\t\t\t<div class=\"elementor-element elementor-element-0ed79c5 elementor-widget elementor-widget-porto_info_box\" data-id=\"0ed79c5\" data-element_type=\"widget\" data-widget_type=\"porto_info_box.default\">\n\t\t\t\t<div class=\"elementor-widget-container\">\n\t\t\t<div class=\"porto-sicon-box style_1 default-icon flex-wrap\"><div class=\"porto-sicon-default\"><div id=\"porto-icon-4468761226a04957fddc5e\" class=\"porto-just-icon-wrapper porto-sicon-img\" style=\"\"><img loading=\"lazy\" decoding=\"async\" class=\"img-icon\" alt=\"\" src=\"https:\/\/ymuenerji.com\/wp-content\/uploads\/2024\/06\/leaf.png\" width=\"64\" height=\"64\" \/><\/div><\/div><div class=\"porto-sicon-header\"><h3 class=\"porto-sicon-title\" style=\"\">ELEKTR\u0130K AKIMINI DENGELEME<\/h3><\/div> <!-- header --><div class=\"porto-sicon-description\" style=\"\" ><p>YMU Enerji y\u00fckselen ya da al\u00e7alan elektrik dalgalar\u0131n\u0131 en aza indirerek cihaz\u0131m\u0131z\u0131n performans gereksinimine g\u00f6re cihazlara as\u0131l ihtiyac\u0131 olan enerjiyi verir.<\/p><\/div> <!-- description --><\/div><!-- porto-sicon-box -->\t\t<\/div>\n\t\t\t\t<\/div>\n\t\t\t\t\t<\/div>\r\n\t\t\t\t<\/div>\r\n\t\t\t\t<div class=\"elementor-column elementor-col-25 elementor-top-column elementor-element elementor-element-27b34e8 p-t-md\" data-id=\"27b34e8\" data-element_type=\"column\">\r\n\t\t\t\t\t<div class=\"elementor-widget-wrap elementor-element-populated\">\r\n\t\t\t\t\t\t\t\t<div class=\"elementor-element elementor-element-b4f8781 elementor-widget elementor-widget-porto_info_box\" data-id=\"b4f8781\" data-element_type=\"widget\" data-widget_type=\"porto_info_box.default\">\n\t\t\t\t<div class=\"elementor-widget-container\">\n\t\t\t<div class=\"porto-sicon-box style_1 default-icon flex-wrap\"><div class=\"porto-sicon-default\"><div id=\"porto-icon-17054496776a04957fde5fc\" class=\"porto-just-icon-wrapper porto-sicon-img\" style=\"\"><img loading=\"lazy\" decoding=\"async\" class=\"img-icon\" alt=\"\" src=\"https:\/\/ymuenerji.com\/wp-content\/uploads\/2024\/06\/leaf.png\" width=\"64\" height=\"64\" \/><\/div><\/div><div class=\"porto-sicon-header\"><h3 class=\"porto-sicon-title\" style=\"\">C\u0130HAZ KORUMASI<\/h3><\/div> <!-- header --><div class=\"porto-sicon-description\" style=\"\" ><p>YMU Enerji elektrik sayac\u0131ndan ge\u00e7en elektrik ak\u0131m\u0131n\u0131n %100'e varan verimle cihazlara aktar\u0131lmas\u0131n\u0131 sa\u011flayarak analitik parazitik sinyallere kar\u015f\u0131 cihazlar\u0131n\u0131z\u0131n korumas\u0131n\u0131 sa\u011flar.<\/p><\/div> <!-- description --><\/div><!-- porto-sicon-box -->\t\t<\/div>\n\t\t\t\t<\/div>\n\t\t\t\t\t<\/div>\r\n\t\t\t\t<\/div>\r\n\t\t\t\t<div class=\"elementor-column elementor-col-25 elementor-top-column elementor-element elementor-element-fc2016c p-t-md\" data-id=\"fc2016c\" data-element_type=\"column\">\r\n\t\t\t\t\t<div class=\"elementor-widget-wrap elementor-element-populated\">\r\n\t\t\t\t\t\t\t\t<div class=\"elementor-element elementor-element-ccde363 elementor-widget elementor-widget-porto_info_box\" data-id=\"ccde363\" data-element_type=\"widget\" data-widget_type=\"porto_info_box.default\">\n\t\t\t\t<div class=\"elementor-widget-container\">\n\t\t\t<div class=\"porto-sicon-box style_1 default-icon flex-wrap\"><div class=\"porto-sicon-default\"><div id=\"porto-icon-17282192056a04957fdf03f\" class=\"porto-just-icon-wrapper porto-sicon-img\" style=\"\"><img loading=\"lazy\" decoding=\"async\" class=\"img-icon\" alt=\"\" src=\"https:\/\/ymuenerji.com\/wp-content\/uploads\/2024\/06\/leaf.png\" width=\"64\" height=\"64\" \/><\/div><\/div><div class=\"porto-sicon-header\"><h3 class=\"porto-sicon-title\" style=\"\">TASARRUF<\/h3><\/div> <!-- header --><div class=\"porto-sicon-description\" style=\"\" ><p>Ayn\u0131 da\u011f\u0131t\u0131m hatt\u0131ndan daha fazla aktif enerji iletilebilece\u011finden; \u00fcretim, iletim ve da\u011f\u0131t\u0131m tesisleriyle birlikte kulland\u0131\u011f\u0131n\u0131z enerji da\u011f\u0131t\u0131m altyap\u0131s\u0131n\u0131n kapasite ve verimi y\u00fckselmi\u015f olur.<\/p><\/div> <!-- description --><\/div><!-- porto-sicon-box -->\t\t<\/div>\n\t\t\t\t<\/div>\n\t\t\t\t\t<\/div>\r\n\t\t\t\t<\/div>\r\n\t\t\t\t\t<\/div>\r\n\t\t\t\t<\/section>\r\n\t\t\t\t\t\t\t<\/div>\n\t\t","protected":false},"excerpt":{"rendered":"<p>YMU ENERJ\u0130 Cihazlar\u0131n\u0131z Korumam\u0131z Alt\u0131nda YMU Enerji Saver Cihaz\u0131, i\u00e7 tesisata ba\u011flanan bir kompanzasyon sistemidir. Elektrik sayac\u0131ndan ge\u00e7en elektrik ak\u0131m\u0131n\u0131n %100 verimle cihazlara aktar\u0131lmas\u0131n\u0131 sa\u011flamak amac\u0131yla\u00a0 kurulmu\u015ftur.\u00a0 \u015eebeke \u00fczerinden ge\u00e7en dalgalanmalar\u0131 %100&#8217;e varan verimle cihazlara aktararak d\u00fczg\u00fcn ve ger\u00e7ek sin\u00fcs dalgalara \u00e7evirir. Bu sayede A S\u0131n\u0131f\u0131 Enerji olu\u015fturur. Olu\u015fan A S\u0131n\u0131f\u0131 Enerji sayesinde sistem kapasitesini [&hellip;]<\/p>\n","protected":false},"author":1,"featured_media":0,"parent":0,"menu_order":0,"comment_status":"closed","ping_status":"closed","template":"","meta":{"footnotes":""},"class_list":["post-6239","page","type-page","status-publish","hentry"],"_links":{"self":[{"href":"https:\/\/ymuenerji.com\/index.php\/wp-json\/wp\/v2\/pages\/6239","targetHints":{"allow":["GET"]}}],"collection":[{"href":"https:\/\/ymuenerji.com\/index.php\/wp-json\/wp\/v2\/pages"}],"about":[{"href":"https:\/\/ymuenerji.com\/index.php\/wp-json\/wp\/v2\/types\/page"}],"author":[{"embeddable":true,"href":"https:\/\/ymuenerji.com\/index.php\/wp-json\/wp\/v2\/users\/1"}],"replies":[{"embeddable":true,"href":"https:\/\/ymuenerji.com\/index.php\/wp-json\/wp\/v2\/comments?post=6239"}],"version-history":[{"count":19,"href":"https:\/\/ymuenerji.com\/index.php\/wp-json\/wp\/v2\/pages\/6239\/revisions"}],"predecessor-version":[{"id":6259,"href":"https:\/\/ymuenerji.com\/index.php\/wp-json\/wp\/v2\/pages\/6239\/revisions\/6259"}],"wp:attachment":[{"href":"https:\/\/ymuenerji.com\/index.php\/wp-json\/wp\/v2\/media?parent=6239"}],"curies":[{"name":"wp","href":"https:\/\/api.w.org\/{rel}","templated":true}]}}